 - m - 1 = 0. What is the remainder when 15 is divided by g?
6
Suppose 10*j - 9*j + 3*y = 88, 4*j - y - 326 = 0. Let q = 110 - j. Let c = -36 - -89. Calculate the remainder when c is divided by q.
25
Suppose 0 = 3*p + 4*l + 79, -2*p = -4*l + l + 47. Let b be (-40)/p*(-15)/2. What is the remainder when (98/(-6))/(4/b) is divided by 13?
10
What is the remainder when 175 is divided by (-1372)/(-38) - (-42)/(-399)?
31
Let j(o) = -2*o**3 - o**2 + 2*o - 1. Let q be j(1). Suppose -83 = -4*b + 117. Calculate the remainder when b is divided by 13 - (q + 2 - 0).
11
Suppose w + 4*w - 336 + 31 = 0. What is the remainder when w is divided by 104/5 - 2/(-10)?
19
What is the remainder when (-4 - -2*81)/(16 - 14) is divided by 61?
18
Let y = 11 + -1. What is the remainder when (-3734)/18*-1 + (-16)/36 is divided by y?
7
Suppose 0 = 4*u + 2*z + 22, -3*z + 2*z = 4*u + 19. Let v be (u/(-5))/((-4)/30). Let k = 20 + v. Calculate the remainder when 52 is divided by k.
10
Let s(w) = -w**3 + 10*w**2 + 2. Let t be (-1)/4 + 82/8. Let u be s(t). Suppose 0 = u*o + o - 33. Calculate the remainder when o is divided by 7.
4
Let o = 93 - -94. What is the remainder when o is divided by (6/9)/(13*14/6552)?
19
Calculate the remainder when 580 is divided by (40/16 + -2)*234.
112
Let q = 59 + -45. Suppose 3*o - 29 = 3*v - 7*v, -q = -2*o - 4*v. Calculate the remainder when 178 is divided by o.
13
Let d(y) = y**2 + y + 3. Let w be d(4). Suppose 5*u = f - w, 0*u - u = -5*f + 19. Calculate the remainder when 10 is divided by f.
1
Let d(v) = v**2 - 12*v - 6. Let q(p) = -p**2 - 15*p + 12. Let w be q(-15). Let r be d(w). What is the remainder when 15 is divided by (48/(-18))/(4/r)?
3
Let d(n) = -n - 8. Let w be d(12). Let p be 5/w + 23/(-4). Let v = 8 - p. Calculate the remainder when 69 is divided by v.
13
Let g(n) = n**3 + 3*n**2 + 4*n + 94. Let x(i) = i**3 - 8*i**2 + 8*i + 7. What is the remainder when g(-5) is divided by x(7)?
10
Let y(m) = -m + 2. Let u = -28 - -23. What is the remainder when 53 is divided by y(u)?
4
Let p(d) = -d**3 + 9*d + 14. Calculate the remainder when p(-4) is divided by 9.
6
Let i(w) = 3*w**3 + w**2 + w - 2. Let t be i(1). Suppose -4*z - t*z = -133. What is the remainder when z is divided by 4?
3
Let q = 7273 + -7251. Let j be (-1012)/(-6) - (-4)/(-6). Suppose 0*f - j = -4*f. Calculate the remainder when f is divided by q.
20
Suppose 0 = 5*o - i - 4*i - 260, 0 = 3*o + 5*i - 132. What is the remainder when o is divided by 27?
22
Let l(v) = 4*v + 2. Let w be l(1). Suppose 3*b - 15 = -k + w*k, 2*b = 5*k + 10. Suppose k*t = -2*t + 18. What is the remainder when 34 is divided by t?
7
Suppose 0 = j - 0*j - 25. Let s be 2*4*14/(-4). Let h = s - -41. Calculate the remainder when j is divided by h.
12
Let c = 311 + -263. Calculate the remainder when c is divided by 32.
16
Let k = -968 + 986. What is the remainder when k is divided by 18?
0
What is the remainder when 19 is divided by (-34)/102*(0 + -30)?
9
Suppose -1925 = 10*i - 3145. What is the remainder when i is divided by 33?
23
Let w(s) = -6*s - 65. Calculate the remainder when 31 is divided by w(-13).
5
Let r(w) = -w**2 + 7*w + 13. Let y(p) = 4*p**2 + 4*p. Let n be y(-2). Calculate the remainder when 17 is divided by r(n).
2
Let j = 241 + -106. Suppose 0 = 2*n, -5*o + 2*n + j = 4*n. What is the remainder when 52 is divided by o?
25
Suppose 3*m = 3*d + 42, 0 = -m - 9*d + 4*d + 2. Suppose m = k - 0. Calculate the remainder when 19 is divided by k/(-30)*(-25 + 0).
9
Suppose 5*p - 5*w = -5, 6*w + 1 = -p + 3*w. What is the remainder when p/9 - 3383/(-153) is divided by 8?
6
Let z(o) = -5*o**2 + 5 + 2*o - 4 + 5 + 3*o**2. Let q(l) = l**2 - l - 6. Let u(r) = -3*q(r) - 2*z(r). Calculate the remainder when u(-5) is divided by 13.
10
Let g = 78 - -24. Calculate the remainder when g is divided by 53.
49
Let m be (1 - 1) + -2 + 4. Suppose -m*l = -5*l + 126. Suppose -r + 3*r - 3*c - 45 = 0, 5*r - c = 80. What is the remainder when l is divided by r?
12
Let r be (5/10)/((-1)/2). Let j be 43*r + (4 - 4). Let w = j - -86. What is the remainder when w is divided by 15?
13
Let b(l) = -2*l**2 + 16*l + 37. Let v(r) = -3*r**2 + 16*r + 38. Let q(n) = -4*b(n) + 3*v(n). Calculate the remainder when 16 is divided by q(-13).
1
Let h(g) = g**3 - 5*g**2 - g + 7. Suppose -4*r + 29 = 5. Let f(w) = w**3 + 3*w**2 - 4*w + 1. What is the remainder when h(r) is divided by f(-3)?
11
Let u(b) = 3*b**2 - 18*b - 12. Let n(l) = -l**2 - 8*l + 3. Let f be (-1 - 3) + 4/(-2). Calculate the remainder when n(f) is divided by u(7).
6
Let q(f) = -f**3 + 53*f**2 - 147*f - 56. What is the remainder when q(50) is divided by 8?
6
Let v = 0 - 20. Let n(z) = -4*z - 7. Calculate the remainder when n(-5) is divided by 1 + 5/(v/(-12)).
1
What is the remainder when ((-178)/(-2))/(-9 - -10) is divided by 19?
13
Let t(f) = f**2 - 2*f + 2. Let a = -31 - -17. Let d = a - -31. What is the remainder when d is divided by t(4)?
7
Suppose i - 11 = -0*i + 2*a, 90 = 5*i - 3*a. What is the remainder when 393 is divided by i?
15
Let t = 40 + -35. Calculate the remainder when 26 is divided by (-2)/t + 52/5.
6
Suppose 3*t = 5*i + 138, -3*t = -3*i + 17 - 155. Calculate the remainder when 137 is divided by t.
45
Suppose z = k + k - 16, 0 = -2*k + 3*z + 12. What is the remainder when 10 is divided by k?
1
Suppose 0 = 25*b - 604 - 821. Calculate the remainder when b is divided by (8 - -1) + (-4)/(-4).
7
Let q(t) = -134*t - 11. Calculate the remainder when q(-2) is divided by 9.
5
Let r(n) = 162*n + 65. What is the remainder when 905 is divided by r(0)?
60
What is the remainder when -4 - (-5 + (-49)/(-14))*94 is divided by 5?
2
What is the remainder when ((-508)/(-12))/(19/57) is divided by 47?
33
Suppose 132*w + 2244 = 143*w. What is the remainder when w is divided by 14?
8
Suppose 3*n = 8*n - 65. What is the remainder when (-44892)/(-702) - (-8)/156 is divided by n?
12
Let f(a) = -a**3 + 6*a**2 + 2*a + 6. Let b be 9/3 + 92*1. Let g = b + -62. Calculate the remainder when g is divided by f(6).
15
What is the remainder when 17 is divided by -2*((-2)/20 + 18/(-45))?
0
Let q be (0 + 1)*(-2 - -2). Suppose q = -2*s - 3*s + 120. Calculate the remainder when s is divided by 13.
11
Let q(f) = -2*f**3 - 23*f**2 - 15*f - 25. What is the remainder when 92 is divided by q(-11)?
16
Suppose 9*d + 3*j = 4*d + 23, 5*j = 5. Suppose -261 + 315 = 6*a. What is the remainder when a is divided by d?
1
Let a = -381 - -442. What is the remainder when a is divided by 8?
5
Suppose 301 = 7*v + 97 + 36. Let m(l) = -l**3 - 6*l**2 - l + 2. Calculate the remainder when v is divided by m(-6).
0
Let p(n) = n**2 + 17*n + 68. Calculate the remainder when 125 is divided by p(-14).
21
Let t(y) = 6*y**2 - 2*y - 2. Let z be t(2). Let i = -33 + 43. Let a = z - i. Calculate the remainder when 21 is divided by a.
5
Suppose 19 = 5*f + k, f - 2*k = -4*f + 22. Suppose -5*c + f*j = 52, 3*c - 8*c + 2*j = 56. Calculate the remainder when 68 is divided by ((-112)/c)/(4/6).
12
Let a(f) = -f**2 + 40*f - 244. Calculate the remainder when 488 is divided by a(31).
33
Let k(z) = -z**3 + 21*z**2 + 21. What is the remainder when 102 is divided by k(21)?
18
Let b = 19 + 30. What is the remainder when b/(4 - (4 - 3 - -2)) is divided by 18?
13
Suppose 7 + 25 = t. Let o be (-168)/(-18) - (-2)/3. Let n = o + 7. What is the remainder when t is divided by n?
15
Let v(d) = d**2 + 15*d + 80. What is the remainder when v(-9) is divided by 7?
5
Let v = 120 - 57. Let l = -53 - -21. Let b = 48 + l. What is the remainder when v is divided by b?
15
What is the remainder when 54 + -57 + 74/2 is divided by 11?
1
Suppose 0 = -8*b + 5*b + 111. Suppose 0 = l - 5*r + 3*r, 5*l = -4*r + 14. Let s = 11 + l. What is the remainder when b is divided by s?
11
Suppose -f + 94 = -6*o + 3*o, 5*o = 3*f - 158. Let h = -31 - o. Suppose 5*d - 3*d - 16 = h. Calculate the remainder when 38 is divided by d.
6
Suppose -4*a - 5*l = -24 - 35, l = 3. Calculate the remainder when 85 is divided by a.
8
Suppose -21*v = -18*v - z - 592, 4*v = -2*z + 776. Calculate the remainder when v is divided by 69.
58
Suppose 0 = -16*f + 8450 + 1134. What is the remainder when f is divided by 6?
5
Suppose 3*v - 3 = 3*m, 4*m - 3*v = -v. Suppose -3*w - 3 + 6 = 0. Calculate the remainder when 14 is 